2, 197
List the prime factors of 68832.
2, 3, 239
What are the prime factors of 2761?
11, 251
What are the prime factors of 9704?
2, 1213
What are the prime factors of 839?
839
List the prime factors of 21188.
2, 5297
List the prime factors of 5908.
2, 7, 211
List the prime factors of 75434.
2, 37717
List the prime factors of 257.
257
List the prime factors of 28276.
2, 7069
What are the prime factors of 1372?
2, 7
What are the prime factors of 645?
3, 5, 43
What are the prime factors of 31816?
2, 41, 97
What are the prime factors of 8535?
3, 5, 569
List the prime factors of 35548.
2, 8887
What are the prime factors of 86?
2, 43
List the prime factors of 758.
2, 379
What are the prime factors of 20554?
2, 43, 239
What are the prime factors of 1519?
7, 31
List the prime factors of 2017.
2017
List the prime factors of 33.
3, 11
What are the prime factors of 14114?
2, 7057
List the prime factors of 19643.
13, 1511
What are the prime factors of 6937?
7, 991
What are the prime factors of 126356?
2, 31, 1019
What are the prime factors of 5217?
3, 37, 47
What are the prime factors of 13984?
2, 19, 23
What are the prime factors of 28368?
2, 3, 197
What are the prime factors of 1867?
1867
List the prime factors of 946.
2, 11, 43
What are the prime factors of 1904?
2, 7, 17
What are the prime factors of 180?
2, 3, 5
List the prime factors of 228.
2, 3, 19
What are the prime factors of 5474?
2, 7, 17, 23
What are the prime factors of 27287?
13, 2099
List the prime factors of 3265.
5, 653
List the prime factors of 15907.
15907
What are the prime factors of 1550?
2, 5, 31
What are the prime factors of 8276?
2, 2069
List the prime factors of 150056.
2, 18757
What are the prime factors of 12199?
11, 1109
What are the prime factors of 4765?
5, 953
List the prime factors of 21008.
2, 13, 101
List the prime factors of 5112.
2, 3, 71
List the prime factors of 3252.
2, 3, 271
List the prime factors of 7061.
23, 307
List the prime factors of 353.
353
What are the prime factors of 807?
3, 269
What are the prime factors of 99842?
2, 49921
What are the prime factors of 1632?
2, 3, 17
What are the prime factors of 5339?
19, 281
What are the prime factors of 103074?
2, 3, 41, 419
List the prime factors of 4266.
2, 3, 79
List the prime factors of 2391.
3, 797
List the prime factors of 168032.
2, 59, 89
List the prime factors of 34798.
2, 127, 137
List the prime factors of 57500.
2, 5, 23
What are the prime factors of 2315?
5, 463
What are the prime factors of 32741?
29, 1129
What are the prime factors of 870?
2, 3, 5, 29
List the prime factors of 27354.
2, 3, 47, 97
List the prime factors of 127280.
2, 5, 37, 43
List the prime factors of 4636.
2, 19, 61
List the prime factors of 8106.
2, 3, 7, 193
List the prime factors of 2638.
2, 1319
What are the prime factors of 10935?
3, 5
List the prime factors of 3221.
3221
List the prime factors of 115413.
3, 17, 31, 73
List the prime factors of 5343.
3, 13, 137
List the prime factors of 66785.
5, 19, 37
What are the prime factors of 15367?
11, 127
List the prime factors of 19938.
2, 3, 3323
What are the prime factors of 4139?
4139
List the prime factors of 2079.
3, 7, 11
What are the prime factors of 44977?
41, 1097
List the prime factors of 17427.
3, 37, 157
List the prime factors of 3565.
5, 23, 31
What are the prime factors of 211?
211
List the prime factors of 68732.
2, 17183
What are the prime factors of 12033?
3, 7, 191
What are the prime factors of 14823?
3, 61
List the prime factors of 1811.
1811
List the prime factors of 16650.
2, 3, 5, 37
List the prime factors of 1218.
2, 3, 7, 29
What are the prime factors of 81160?
2, 5, 2029
List the prime factors of 883.
883
What are the prime factors of 75110?
2, 5, 7, 29, 37
List the prime factors of 320.
2, 5
List the prime factors of 217.
7, 31
List the prime factors of 5699.
41, 139
List the prime factors of 1109.
1109
List the prime factors of 35997.
3, 13, 71
List the prime factors of 3101.
7, 443
What are the prime factors of 21974?
2, 10987
List the prime factors of 4253.
4253
What are the prime factors of 3597?
3, 11, 109
List the prime factors of 42500.
2, 5, 17
What are the prime factors of 1002?
2, 3, 167
What are the prime factors of 645?
3, 5, 43
What are the prime factors of 1348?
2, 337
List the prime factors of 335.
5, 67
List the prime factors of 146.
2, 73
What are the prime factors of 20754?
2, 3, 1153
List the prime factors of 3448.
2, 431
What are the prime factors of 78608?
2, 17
What are the prime factors of 2429?
7, 347
What are the prime factors of 2843?
2843
What are the prime factors of 682?
2, 11, 31
List the prime factors of 11763.
3, 1307
List the prime factors of 78046.
2, 39023
List the prime factors of 53004.
2, 3, 7, 631
What are the prime factors of 27266?
2, 13633
List the prime factors of 6.
2, 3
List the prime factors of 1555.
5, 311
What are the prime factors of 1766?
2, 883
List the prime factors of 105210.
2, 3, 5, 7, 167
What are the prime factors of 4549?
4549
What are the prime factors of 894?
2, 3, 149
What are the prime factors of 5616?
2, 3, 13
What are the prime factors of 5908?
2, 7, 211
What are the prime factors of 2410?
2, 5, 241
List the prime factors of 8805.
3, 5, 587
List the prime factors of 75779.
11, 83
What are the prime factors of 3959?
37, 107
List the prime factors of 1056.
2, 3, 11
What are the prime factors of 1646?
2, 823
List the prime factors of 12865.
5, 31, 83
List the prime factors of 7410.
2, 3, 5, 13, 19
List the prime factors of 1815.
3, 5, 11
What are the prime factors of 74989?
31, 41, 59
What are the prime factors of 2572?
2, 643
What are the prime factors of 2872?
2, 359
What are the prime factors of 1743?
3, 7, 83
List the prime factors of 2478.
2, 3, 7, 59
What are the prime factors of 1758?
2, 3, 293
What are the prime factors of 9403?
9403
List the prime factors of 7990.
2, 5, 17, 47
List the prime factors of 1310.
2, 5, 131
List the prime factors of 1440.
2, 3, 5
List the prime factors of 266.
2, 7, 19
List the prime factors of 1039.
1039
List the prime factors of 29481.
3, 31, 317
List the prime factors of 136391.
17, 71, 113
What are the prime factors of 4871?
4871
List the prime factors of 1226.
2, 613
What are the prime factors of 63197?
63197
What are the prime factors of 4045?
5, 809
List the prime factors of 1417.
13, 109
What are the prime factors of 29409?
3, 9803
What are the prime factors of 2932?
2, 733
What are the prime factors of 6122?
2, 3061
List the prime factors of 136397.
136397
List the prime factors of 113990.
2, 5, 11399
What are the prime factors of 14520?
2, 3, 5, 11
What are the prime factors of 3789?
3, 421
List the prime factors of 1199.
11, 109
What are the prime factors of 16097?
16097
List the prime factors of 779.
19, 41
What are the prime factors of 73227?
3, 7, 11, 317
List the prime factors of 4133.
4133
What are the prime factors of 8170?
2, 5, 19, 43
List the prime factors of 32823.
3, 7, 521
What are the prime factors of 10382?
2, 29, 179
List the prime factors of 812.
2, 7, 29
List the prime factors of 157658.
2, 17, 4637
What are the prime factors of 1613?
1613
What are the prime factors of 2742?
2, 3, 457
What are the prime factors of 9360?
2, 3, 5, 13
List the prime factors of 25436.
2, 6359
What are the prime factors of 35498?
2, 17749
What are the prime factors of 637?
7, 13
What are the prime factors of 10233?
3, 379
What are the prime factors of 21557?
21557
What are the prime factors of 28588?
2, 7, 1021
List the prime factors of 602.
2, 7, 43
What are the prime factors of 1749?
3, 11, 53
What are the prime factors of 104031?
3, 3853
List the prime factors of 68365.
5, 11, 113
What are the prime factors of 28016?
2, 17, 103
List the prime factors of 1285.
5, 257
List the prime factors of 6667.
59, 113
What are the prime factors of 984?
2, 3, 41
List the prime factors of 10912.
2, 11, 31
What are the prime factors of 686?
2, 7
What are the prime factors of 16825?
5, 673
List the prime factors of 8429.
8429
What are the prime factors of 668?
2, 167
List the prime factors of 14495.
5, 13, 223
What are the prime factors of 6745?
5, 19, 71
What are the prime factors of 55090?
2, 5, 7, 787
What are the prime factors of 25787?
107, 241
What are the pri